{"id":178,"date":"2020-05-05T18:30:22","date_gmt":"2020-05-06T00:30:22","guid":{"rendered":"http:\/\/uiim.edu.mx\/MISE\/?page_id=178"},"modified":"2023-03-16T14:00:11","modified_gmt":"2023-03-16T20:00:11","slug":"requisitos-de-ingreso","status":"publish","type":"page","link":"https:\/\/uiim.edu.mx\/MISE\/requisitos-de-ingreso\/","title":{"rendered":"Requisitos de ingreso"},"content":{"rendered":"\n<div class=\"wp-block-image is-style-default\"><figure class=\"aligncenter size-large is-resized\"><img loading=\"lazy\" src=\"http:\/\/uiim.edu.mx\/MISE\/wp-content\/uploads\/2023\/03\/Logotipo_de_la_CONACYT-1-1024x875.png\" alt=\"\" class=\"wp-image-251\" width=\"256\" height=\"219\" srcset=\"https:\/\/uiim.edu.mx\/MISE\/wp-content\/uploads\/2023\/03\/Logotipo_de_la_CONACYT-1-1024x875.png 1024w, https:\/\/uiim.edu.mx\/MISE\/wp-content\/uploads\/2023\/03\/Logotipo_de_la_CONACYT-1-300x256.png 300w, https:\/\/uiim.edu.mx\/MISE\/wp-content\/uploads\/2023\/03\/Logotipo_de_la_CONACYT-1-768x656.png 768w, https:\/\/uiim.edu.mx\/MISE\/wp-content\/uploads\/2023\/03\/Logotipo_de_la_CONACYT-1-1536x1313.png 1536w, https:\/\/uiim.edu.mx\/MISE\/wp-content\/uploads\/2023\/03\/Logotipo_de_la_CONACYT-1-2048x1751.png 2048w\" sizes=\"(max-width: 256px) 100vw, 256px\" \/><\/figure><\/div>\n\n\n\n<hr class=\"wp-block-separator\"\/>\n\n\n\n<p>\u2022 Poseer el t\u00edtulo de Licenciatura o Ingenier\u00eda en cualquier disciplina, pero teniendo como requisito esencial el inter\u00e9s de enfocar sus investigaciones desde la perspectiva de la sostenibilidad en alguna de las l\u00edneas de especializaci\u00f3n que ofrece el programa.<\/p>\n\n\n\n<p>\u2022 Certi\ufb01cado de estudios de licenciatura con promedio igual o superior a &nbsp;8.0 (ocho &nbsp;punto cero).<\/p>\n\n\n\n<p>\u2022 Curriculum vitae actualizado con documentos probatorios.<\/p>\n\n\n\n<p>\u2022 Presentar un anteproyecto relacionado con una de las tres l\u00edneas de especializaci\u00f3n, no mayor a 15 cuartillas y con la siguiente estructura: t\u00edtulo, planteamiento del proble-ma, justi\ufb01caci\u00f3n, preguntas de investigaci\u00f3n, objetivos, marco te\u00f3rico, metodolog\u00eda, literatura citada y cronograma de actividades acoplado a los dos a\u00f1os de estudio. Para iniciar la elaboraci\u00f3n del anteproyecto, se sugiere a los aspirantes contactar a alg\u00fan docente adscrito a la MSDR (ver apartado de N\u00facleo Acad\u00e9mico B\u00e1sico).<\/p>\n\n\n\n<p>\u2022 Carta detallada de exposici\u00f3n de motivos profesionales y acad\u00e9micos de ingreso a la maestr\u00eda.<\/p>\n\n\n\n<p>\u2022 Carta compromiso para la conclusi\u00f3n satisfactoria de los estudios y de apegarse a las normativas del programa.<\/p>\n\n\n\n<p>\u2022 Dos cartas de recomendaci\u00f3n de investigadores, empresas u OSC cuya actividad est\u00e9 ligada a las tem\u00e1ticas del programa.<\/p>\n\n\n\n<p>\u2022 Constancia de comprensi\u00f3n de lectura de textos del idioma ingl\u00e9s, TOEFL o equivalente con 350 puntos como m\u00ednimo (la UIIM ofrece un examen equivalente, veri\ufb01car fechas de aplicaci\u00f3n). Si al momento de ingreso no se cuenta con este requisito, se dar\u00e1 una pr\u00f3rroga para que sea entregado a lo largo del posgrado.<\/p>\n\n\n\n<p>\u2022 Constancia de acreditaci\u00f3n de examen CENEVAL-EXANI III con promedio de 850 puntos en: pensamiento matem\u00e1tico, pensamiento anal\u00edtico, estructura de la lengua y comprensi\u00f3n lectora. Si al momento de ingreso no se cuenta con este requisito, se dar\u00e1 una pr\u00f3rroga para que sea entregado a lo largo del posgrado.<\/p>\n\n\n\n<p>\u2022 Presentar y aprobar con un m\u00ednimo de 8.0 (ocho punto cero) el curso proped\u00e9utico que el Comit\u00e9 Acad\u00e9mico de admisi\u00f3n determinar\u00e1 en contenidos.<\/p>\n\n\n\n<p>\u2022 Presentar el anteproyecto ante el Comit\u00e9 Acad\u00e9mico y aprobar la entrevista con el mismo (solo aspirantes que hayan cubierto el resto de los requisitos).<\/p>\n\n\n\n<p>\u2022 Presentar un ex\u00e1men psicom\u00e9trico aplicado por el SIITA.<\/p>\n","protected":false},"excerpt":{"rendered":"<p>\u2022 Poseer el t\u00edtulo de Licenciatura o Ingenier\u00eda en cualquier disciplina, pero teniendo como requisito esencial el inter\u00e9s de enfocar sus investigaciones desde la perspectiva de la sostenibilidad en alguna de las l\u00edneas de especializaci\u00f3n que ofrece el programa. \u2022 Certi\ufb01cado de estudios de licenciatura con promedio igual o superior a &nbsp;8.0 (ocho &nbsp;punto cero). &hellip; <\/p>\n<p class=\"link-more\"><a href=\"https:\/\/uiim.edu.mx\/MISE\/requisitos-de-ingreso\/\" class=\"more-link\">Continuar leyendo<span class=\"screen-reader-text\"> \u00abRequisitos de ingreso\u00bb<\/span><\/a><\/p>\n","protected":false},"author":1,"featured_media":0,"parent":0,"menu_order":0,"comment_status":"closed","ping_status":"closed","template":"","meta":[],"_links":{"self":[{"href":"https:\/\/uiim.edu.mx\/MISE\/wp-json\/wp\/v2\/pages\/178"}],"collection":[{"href":"https:\/\/uiim.edu.mx\/MISE\/wp-json\/wp\/v2\/pages"}],"about":[{"href":"https:\/\/uiim.edu.mx\/MISE\/wp-json\/wp\/v2\/types\/page"}],"author":[{"embeddable":true,"href":"https:\/\/uiim.edu.mx\/MISE\/wp-json\/wp\/v2\/users\/1"}],"replies":[{"embeddable":true,"href":"https:\/\/uiim.edu.mx\/MISE\/wp-json\/wp\/v2\/comments?post=178"}],"version-history":[{"count":8,"href":"https:\/\/uiim.edu.mx\/MISE\/wp-json\/wp\/v2\/pages\/178\/revisions"}],"predecessor-version":[{"id":268,"href":"https:\/\/uiim.edu.mx\/MISE\/wp-json\/wp\/v2\/pages\/178\/revisions\/268"}],"wp:attachment":[{"href":"https:\/\/uiim.edu.mx\/MISE\/wp-json\/wp\/v2\/media?parent=178"}],"curies":[{"name":"wp","href":"https:\/\/api.w.org\/{rel}","templated":true}]}}