{"id":41,"date":"2022-06-10T13:10:31","date_gmt":"2022-06-10T19:10:31","guid":{"rendered":"https:\/\/uiim.edu.mx\/dcsi\/?page_id=41"},"modified":"2022-06-10T13:10:31","modified_gmt":"2022-06-10T19:10:31","slug":"perfil-de-egreso","status":"publish","type":"page","link":"https:\/\/uiim.edu.mx\/dcsi\/?page_id=41","title":{"rendered":"Perfil de Egreso"},"content":{"rendered":"\n<p><\/p>\n\n\n\n<ul><li>Conoce, comprende y analiza las causas y efectos de problem\u00e1ticas culturales, ambientales, sociopol\u00edticas y econ\u00f3micas de los sistemas socioecol\u00f3gicos locales, regionales y nacionales, desde el enfoque de la ciencia para la sostenibilidad&nbsp; y la interculturalidad.<\/li><li>Integra y aplica diversos m\u00e9todos y enfoques transdisciplinares para lograr la sostenibilidad de sistemas socioecol\u00f3gicos, para la transici\u00f3n energ\u00e9tica y tecnol\u00f3gica, para promover la interculturalidad, la gobernanza y la sostenibilidad social.<\/li><li>Genera procesos de investigaci\u00f3n aplicada, metodolog\u00edas e innovaci\u00f3n tecnol\u00f3gica desde la transdisciplina con enfoque intercultural.<\/li><li>Aplica el dise\u00f1o de estrategias para la sostenibilidad de sistemas socioecol\u00f3gicos, hacia la transici\u00f3n energ\u00e9tica y tecnol\u00f3gica, a fortalecer la interculturalidad y saberes tradicionales, hacia la gobernanza y Sostenibilidad Social.<\/li><li>Demuestra una s\u00f3lida formaci\u00f3n acad\u00e9mica y cient\u00edfica, con conocimientos amplios y actualizados en su \u00e1rea del conocimiento y l\u00ednea de generaci\u00f3n y aplicaci\u00f3n del conocimiento.<\/li><li>Demuestra capacidad de comunicaci\u00f3n acad\u00e9mica de alto nivel, de los resultados de las investigaciones que promueve.<strong><\/strong><\/li><\/ul>\n\n\n\n<h2><strong>PERFIL DE EGRESO DE LA OPCI\u00d3N TERMINAL DE RESILIENCIA DE SISTEMAS SOCIOECOL\u00d3GICOS<\/strong><\/h2>\n\n\n\n<p><strong>Competencias espec\u00edficas<\/strong><\/p>\n\n\n\n<ul><li>Conoce y reconoce el patrimonio biocultural, las cosmovisiones, los saberes y pr\u00e1cticas de manejo tradicionales de los sistemas socioecol\u00f3gicos de pueblos ind\u00edgenas y campesinos.<\/li><li>Conoce, comprende y analiza las problem\u00e1ticas de los sistemas socioecol\u00f3gicos locales, regionales y nacionales, las causas y las consecuencias que intervienen para su sostenibilidad.<\/li><li>Aplica m\u00e9todos de investigaci\u00f3n desde perspectivas transdisciplinares con enfoque intercultural, orientados a garantizar la sostenibilidad de sistemas socioecol\u00f3gicos y a fortalecer la soberan\u00eda alimentaria.<\/li><li>Gestiona a trav\u00e9s de la investigaci\u00f3n participativa y el di\u00e1logo de saberes propuestas sostenibles de los sistemas socioecol\u00f3gicos.<\/li><\/ul>\n\n\n\n<h2><strong>PERFIL DE EGRESO DE LA OPCI\u00d3N TERMINAL DE SOSTENIBILIDAD ENERG\u00c9TICA Y TECNOL\u00d3GICA<\/strong><\/h2>\n\n\n\n<p><strong>Competencias espec\u00edficas<\/strong><\/p>\n\n\n\n<ul><li>Conoce y reconoce los patrones energ\u00e9ticos en diferentes \u00e1mbitos sociales, culturales, ambientales y econ\u00f3micos para la trasferencia tecnol\u00f3gica en comunidades rurales y urbanas.<\/li><li>Reconoce los materiales sostenibles locales como insumos para el dise\u00f1o y desarrollo de ecotecnolog\u00edas.<\/li><li>Dise\u00f1a ecotecnolog\u00edas pertinentes y acordes a \u00e1mbitos sociales, culturales, ambientales y econ\u00f3micos en comunidades rurales y urbanas.<\/li><li>Desarrolla innovaci\u00f3n tecnol\u00f3gica para propiciar el uso de energ\u00edas alternativas y materiales locales sostenibles para la transici\u00f3n a la sostenibilidad de procesos productivos y dom\u00e9sticos en comunidades rurales y urbanas.<\/li><li>Aplica e implementa innovaci\u00f3n tecnol\u00f3gica pertinente en comunidades rurales y urbanas para resolver problem\u00e1ticas locales, regionales y nacionales orientadas a la sostenibilidad.<\/li><\/ul>\n\n\n\n<h2><strong>PERFIL DE EGRESO DE LA OPCI\u00d3N TERMINAL DE INTERCULTURALIDAD Y SABERES TRADICIONALES<\/strong><\/h2>\n\n\n\n<p><strong>Competencias espec\u00edficas<\/strong><\/p>\n\n\n\n<ul><li>Conoce y reconoce los aportes al conocimiento universal de las comunidades tradicionales.<\/li><li>Conoce, reconoce y valoriza las cosmovisiones, saberes, lenguas, identidades de comunidades tradicionales.<\/li><li>Reconoce los procesos de comunicaci\u00f3n en lengua ind\u00edgena, as\u00ed como sus expresiones rituales, saberes, visiones del mundo e identidad de comunidades tradicionales.<\/li><li>Aplica el di\u00e1logo de saberes para fomentar los distintos modos de conocer, los distintos sistemas complejos de comprensi\u00f3n, organizaci\u00f3n y estrategias de vida tradicionales.<\/li><li>Interpreta y analiza el origen y valor de las culturas originarias, as\u00ed como su incidencia en la preservaci\u00f3n del h\u00e1bitat natural y social, desde perspectivas culturales, sociales, ambientales y econ\u00f3micas.<\/li><li>Analiza y aplica la interrelaci\u00f3n del conocimiento y saber tradicional con el cient\u00edfico para promover en la sostenibilidad de la vida en comunidades originarias.<\/li><li>Aplica investigaciones cient\u00edficas para dise\u00f1ar propuestas de salvaguarda del patrimonio cultural, art\u00edstico y biocultural de comunidades tradicionales.<\/li><\/ul>\n\n\n\n<h2><strong>PERFIL DE EGRESO DE LA OPCI\u00d3N TERMINAL DE \u00a0GOBIERNO, POL\u00cdTICAS P\u00daBLICAS Y SOSTENIBILIDAD SOCIAL<\/strong><\/h2>\n\n\n\n<p><strong>Competencias espec\u00edficas<\/strong><\/p>\n\n\n\n<ul><li>Conoce, comprende y analiza la sostenibilidad desde un punto de vista social y pol\u00edtico, entendiendo que tanto el modelo econ\u00f3mico, como las relaciones de poder inciden en la generaci\u00f3n de pol\u00edticas p\u00fablicas enfocadas a generar ambientes sostenibles cultural, social, ambiental y econ\u00f3micamente pertinentes.<\/li><\/ul>\n\n\n\n<p>Aplica investigaciones en el campo de la sostenibilidad, considerando los entornos socioculturales particulares, as\u00ed como los saberes tradicionales, para poder adentrarse en las din\u00e1micas cotidianas de las colectividades y as\u00ed integrar en sus investigaciones las cosmovisiones de las comunidades, orientadas a lograr la sostenibilidad social y la gobernanza acordes a contextos culturales, ambientales, sociopol\u00edticos y econ\u00f3micos particulares.<\/p>\n","protected":false},"excerpt":{"rendered":"<p>Conoce, comprende y analiza las causas y efectos de problem\u00e1ticas culturales, ambientales, sociopol\u00edticas y econ\u00f3micas de los sistemas socioecol\u00f3gicos locales, regionales y nacionales, desde el enfoque de la ciencia para la sostenibilidad&nbsp; y la interculturalidad. Integra y aplica diversos m\u00e9todos y enfoques transdisciplinares para lograr la sostenibilidad de sistemas socioecol\u00f3gicos, para la transici\u00f3n energ\u00e9tica y &hellip; <\/p>\n<p class=\"link-more\"><a href=\"https:\/\/uiim.edu.mx\/dcsi\/?page_id=41\" class=\"more-link\">Continuar leyendo<span class=\"screen-reader-text\"> \u00abPerfil de Egreso\u00bb<\/span><\/a><\/p>\n","protected":false},"author":1,"featured_media":0,"parent":0,"menu_order":0,"comment_status":"closed","ping_status":"closed","template":"","meta":[],"_links":{"self":[{"href":"https:\/\/uiim.edu.mx\/dcsi\/index.php?rest_route=\/wp\/v2\/pages\/41"}],"collection":[{"href":"https:\/\/uiim.edu.mx\/dcsi\/index.php?rest_route=\/wp\/v2\/pages"}],"about":[{"href":"https:\/\/uiim.edu.mx\/dcsi\/index.php?rest_route=\/wp\/v2\/types\/page"}],"author":[{"embeddable":true,"href":"https:\/\/uiim.edu.mx\/dcsi\/index.php?rest_route=\/wp\/v2\/users\/1"}],"replies":[{"embeddable":true,"href":"https:\/\/uiim.edu.mx\/dcsi\/index.php?rest_route=%2Fwp%2Fv2%2Fcomments&post=41"}],"version-history":[{"count":1,"href":"https:\/\/uiim.edu.mx\/dcsi\/index.php?rest_route=\/wp\/v2\/pages\/41\/revisions"}],"predecessor-version":[{"id":42,"href":"https:\/\/uiim.edu.mx\/dcsi\/index.php?rest_route=\/wp\/v2\/pages\/41\/revisions\/42"}],"wp:attachment":[{"href":"https:\/\/uiim.edu.mx\/dcsi\/index.php?rest_route=%2Fwp%2Fv2%2Fmedia&parent=41"}],"curies":[{"name":"wp","href":"https:\/\/api.w.org\/{rel}","templated":true}]}}