{"id":168,"date":"2026-04-01T15:53:46","date_gmt":"2026-04-01T15:53:46","guid":{"rendered":"https:\/\/uiim.edu.mx\/msdr\/?page_id=168"},"modified":"2026-04-01T16:40:55","modified_gmt":"2026-04-01T16:40:55","slug":"el-plan","status":"publish","type":"page","link":"https:\/\/uiim.edu.mx\/msdr\/?page_id=168","title":{"rendered":"El Plan"},"content":{"rendered":"\n<p>El posgrado se cursa en cuatro semestres con un total de 92 cr\u00e9ditos,&nbsp;distribuidos&nbsp;en 13 materias, agrupadas a su vez en tres ejes que son el de&nbsp;interculturalidad,&nbsp;el&nbsp;disciplinar,&nbsp;y el&nbsp;metodol\u00f3gico y de vinculaci\u00f3n.&nbsp;S\u00f3lo las materias del eje disciplinar de segundo y tercer semestre var\u00edan seg\u00fan la terminal que se elija: restauraci\u00f3n ambiental o Gesti\u00f3n para el desarrollo, siendo dos obligatorias de segundo y dos&nbsp;electivas&nbsp;(de una lista de cinco) para tercer semestre. Ya en el cuarto semestre se cursa s\u00f3lo una materia, pues se destina mayor tiempo para la preparaci\u00f3n del trabajo&nbsp;de&nbsp;titulaci\u00f3n.&nbsp;&nbsp;<\/p>\n\n\n\n<p><\/p>\n","protected":false},"excerpt":{"rendered":"<p>El posgrado se cursa en cuatro semestres con un total de 92 cr\u00e9ditos,&nbsp;distribuidos&nbsp;en 13 materias, agrupadas a su vez en tres ejes que son el de&nbsp;interculturalidad,&nbsp;el&nbsp;disciplinar,&nbsp;y el&nbsp;metodol\u00f3gico y de vinculaci\u00f3n.&nbsp;S\u00f3lo las materias del eje disciplinar de segundo y tercer semestre var\u00edan seg\u00fan la terminal que se elija: restauraci\u00f3n ambiental o Gesti\u00f3n para el desarrollo, siendo &hellip; <\/p>\n<p class=\"link-more\"><a href=\"https:\/\/uiim.edu.mx\/msdr\/?page_id=168\" class=\"more-link\">Continuar leyendo<span class=\"screen-reader-text\"> \u00abEl Plan\u00bb<\/span><\/a><\/p>\n","protected":false},"author":1,"featured_media":0,"parent":0,"menu_order":0,"comment_status":"closed","ping_status":"closed","template":"","meta":{"footnotes":""},"class_list":["post-168","page","type-page","status-publish","hentry"],"_links":{"self":[{"href":"https:\/\/uiim.edu.mx\/msdr\/index.php?rest_route=\/wp\/v2\/pages\/168","targetHints":{"allow":["GET"]}}],"collection":[{"href":"https:\/\/uiim.edu.mx\/msdr\/index.php?rest_route=\/wp\/v2\/pages"}],"about":[{"href":"https:\/\/uiim.edu.mx\/msdr\/index.php?rest_route=\/wp\/v2\/types\/page"}],"author":[{"embeddable":true,"href":"https:\/\/uiim.edu.mx\/msdr\/index.php?rest_route=\/wp\/v2\/users\/1"}],"replies":[{"embeddable":true,"href":"https:\/\/uiim.edu.mx\/msdr\/index.php?rest_route=%2Fwp%2Fv2%2Fcomments&post=168"}],"version-history":[{"count":3,"href":"https:\/\/uiim.edu.mx\/msdr\/index.php?rest_route=\/wp\/v2\/pages\/168\/revisions"}],"predecessor-version":[{"id":173,"href":"https:\/\/uiim.edu.mx\/msdr\/index.php?rest_route=\/wp\/v2\/pages\/168\/revisions\/173"}],"wp:attachment":[{"href":"https:\/\/uiim.edu.mx\/msdr\/index.php?rest_route=%2Fwp%2Fv2%2Fmedia&parent=168"}],"curies":[{"name":"wp","href":"https:\/\/api.w.org\/{rel}","templated":true}]}}