{"id":195,"date":"2026-04-01T17:33:14","date_gmt":"2026-04-01T17:33:14","guid":{"rendered":"https:\/\/uiim.edu.mx\/msdr\/?page_id=195"},"modified":"2026-04-01T17:33:14","modified_gmt":"2026-04-01T17:33:14","slug":"eventos","status":"publish","type":"page","link":"https:\/\/uiim.edu.mx\/msdr\/?page_id=195","title":{"rendered":"Eventos"},"content":{"rendered":"\n<p>Cada&nbsp;fin&nbsp;de semestre se lleva a cabo un coloquio&nbsp;con el objetivo&nbsp;evaluar los avances de investigaci\u00f3n de los estudiantes por su comit\u00e9 tutor, con la participaci\u00f3n nutrida del estudiantado y los docentes que asisten.&nbsp;Dichos coloquios resultan din\u00e1micos y enriquecedores por la nutrida participaci\u00f3n y las oportunidades de aprendizaje que ofrece para todos.&nbsp;<\/p>\n\n\n\n<p>El 20 de enero de 2026 se llev\u00f3 a cabo el evento correspondiente al semestre 2025-2.&nbsp;<\/p>\n","protected":false},"excerpt":{"rendered":"<p>Cada&nbsp;fin&nbsp;de semestre se lleva a cabo un coloquio&nbsp;con el objetivo&nbsp;evaluar los avances de investigaci\u00f3n de los estudiantes por su comit\u00e9 tutor, con la participaci\u00f3n nutrida del estudiantado y los docentes que asisten.&nbsp;Dichos coloquios resultan din\u00e1micos y enriquecedores por la nutrida participaci\u00f3n y las oportunidades de aprendizaje que ofrece para todos.&nbsp; El 20 de enero de &hellip; <\/p>\n<p class=\"link-more\"><a href=\"https:\/\/uiim.edu.mx\/msdr\/?page_id=195\" class=\"more-link\">Continuar leyendo<span class=\"screen-reader-text\"> \u00abEventos\u00bb<\/span><\/a><\/p>\n","protected":false},"author":1,"featured_media":0,"parent":0,"menu_order":0,"comment_status":"closed","ping_status":"closed","template":"","meta":{"footnotes":""},"class_list":["post-195","page","type-page","status-publish","hentry"],"_links":{"self":[{"href":"https:\/\/uiim.edu.mx\/msdr\/index.php?rest_route=\/wp\/v2\/pages\/195","targetHints":{"allow":["GET"]}}],"collection":[{"href":"https:\/\/uiim.edu.mx\/msdr\/index.php?rest_route=\/wp\/v2\/pages"}],"about":[{"href":"https:\/\/uiim.edu.mx\/msdr\/index.php?rest_route=\/wp\/v2\/types\/page"}],"author":[{"embeddable":true,"href":"https:\/\/uiim.edu.mx\/msdr\/index.php?rest_route=\/wp\/v2\/users\/1"}],"replies":[{"embeddable":true,"href":"https:\/\/uiim.edu.mx\/msdr\/index.php?rest_route=%2Fwp%2Fv2%2Fcomments&post=195"}],"version-history":[{"count":1,"href":"https:\/\/uiim.edu.mx\/msdr\/index.php?rest_route=\/wp\/v2\/pages\/195\/revisions"}],"predecessor-version":[{"id":196,"href":"https:\/\/uiim.edu.mx\/msdr\/index.php?rest_route=\/wp\/v2\/pages\/195\/revisions\/196"}],"wp:attachment":[{"href":"https:\/\/uiim.edu.mx\/msdr\/index.php?rest_route=%2Fwp%2Fv2%2Fmedia&parent=195"}],"curies":[{"name":"wp","href":"https:\/\/api.w.org\/{rel}","templated":true}]}}