{"id":39,"date":"2022-09-13T17:18:44","date_gmt":"2022-09-13T17:18:44","guid":{"rendered":"http:\/\/uiim.edu.mx\/msdr\/?page_id=39"},"modified":"2026-04-01T17:25:52","modified_gmt":"2026-04-01T17:25:52","slug":"generaciones","status":"publish","type":"page","link":"https:\/\/uiim.edu.mx\/msdr\/?page_id=39","title":{"rendered":"Generaciones"},"content":{"rendered":"\n<p>Este posgrado abri\u00f3 sus puertas con la primera convocatoria en el a\u00f1o 2019, contando a la fecha seis generaciones, con grupos que han variado en n\u00famero de estudiantes.&nbsp;&nbsp;<\/p>\n\n\n\n<p>El origen de nuestra matr\u00edcula es variado y est\u00e1 abierto a todos los interesados; sin embargo, a la fecha se concentra mayoritariamente en la zona de influencia de la UIIM, que es la zona&nbsp;purh\u00e9pecha&nbsp;de la Meseta y el Lago de P\u00e1tzcuaro.&nbsp;&nbsp;<\/p>\n\n\n\n<p>El cuadro siguiente da cuenta de nuestra matr\u00edcula&nbsp;y se anota con fines estad\u00edsticos&nbsp;<\/p>\n\n\n\n<figure class=\"wp-block-table\"><table class=\"has-fixed-layout\"><tbody><tr><td colspan=\"4\"><strong>Maestr\u00eda en Sostenibilidad Para el Desarrollo Regional&nbsp;<\/strong>&nbsp;<\/td><\/tr><tr><td colspan=\"2\"><strong>Primera Generaci\u00f3n&nbsp;<\/strong>&nbsp;<\/td><td><strong>2019-2021<\/strong>&nbsp;<\/td><td><strong><\/strong>&nbsp;<\/td><\/tr><tr><td><strong>No.<\/strong>&nbsp;<\/td><td><strong>Estudiante&nbsp;<\/strong>&nbsp;<\/td><td><strong>Director(a)<\/strong>&nbsp;<\/td><td><strong>Situaci\u00f3n<\/strong>&nbsp;<\/td><\/tr><tr><td>1&nbsp;<\/td><td>Ballesteros L\u00f3pez Roci\u00f3&nbsp;<\/td><td>Dr. Eric Mercado Arias.&nbsp;&nbsp;<\/td><td>Titulada&nbsp;(2022)&nbsp;<\/td><\/tr><tr><td>2&nbsp;<\/td><td>Barriga Corona Lesly Sarahi&nbsp;<\/td><td>Dra. Mar\u00eda Luisa Herrera Arroyo&nbsp;<\/td><td>Titulada&nbsp;(2022)&nbsp;<\/td><\/tr><tr><td>3&nbsp;<\/td><td>Custodio Hern\u00e1ndez Areli&nbsp;<\/td><td>Mc. Sa\u00fal Hern\u00e1ndez Trujillo.&nbsp;&nbsp;<\/td><td>Cr\u00e9ditos terminados&nbsp;&nbsp;<\/td><\/tr><tr><td>4&nbsp;<\/td><td>Fr\u00edas Correa Francisco Javier&nbsp;<\/td><td>Dr. Eric Mercado Arias&nbsp;<\/td><td>Baja&nbsp;<\/td><\/tr><tr><td>5&nbsp;<\/td><td>G\u00f3mez Bravo Jes\u00fas Alan&nbsp;<\/td><td>Dra. Ma. de Lourdes Vargas Gardu\u00f1o&nbsp;<\/td><td>Titulado&nbsp;&nbsp;<\/td><\/tr><tr><td>6&nbsp;<\/td><td>Guti\u00e9rrez Becerril Bruno&nbsp;<\/td><td>Dra. Amalia Ram\u00edrez&nbsp;Garayzar&nbsp;<\/td><td>Suspensi\u00f3n&nbsp;<\/td><\/tr><tr><td>7&nbsp;<\/td><td>L\u00f3pez Valverde Azucena&nbsp;<\/td><td>Dr. Eric Mercado Arias&nbsp;<\/td><td>Baja&nbsp;<\/td><\/tr><tr><td>8&nbsp;<\/td><td>Mendoza Morales Santiago&nbsp;<\/td><td>Dra. Mar\u00eda Luisa Herrera Arroyo&nbsp;<\/td><td>Baja&nbsp;<\/td><\/tr><tr><td>9&nbsp;<\/td><td>Rojas Fraile Ana Brisa&nbsp;<\/td><td>Dra. Mar\u00eda Luisa Herrera Arroyo&nbsp;<\/td><td>Titulada&nbsp;&nbsp;<\/td><\/tr><tr><td>10&nbsp;<\/td><td>Vel\u00e1zquez Molina Rosa Elena&nbsp;<\/td><td>Dra. Selene Ramos Ortiz&nbsp;<\/td><td>Titulada&nbsp;(2022)&nbsp;<\/td><\/tr><tr><td>&nbsp;<\/td><td>&nbsp;<\/td><td>Titulados&nbsp;&nbsp;<\/td><td>5&nbsp;<\/td><\/tr><tr><td>&nbsp;<\/td><td>&nbsp;<\/td><td>No titulados&nbsp;&nbsp;<\/td><td>1&nbsp;<\/td><\/tr><tr><td>&nbsp;<\/td><td>&nbsp;<\/td><td>Suspensiones&nbsp;<\/td><td>1&nbsp;<\/td><\/tr><tr><td>&nbsp;<\/td><td>&nbsp;<\/td><td>Bajas&nbsp;&nbsp;<\/td><td>3&nbsp;<\/td><\/tr><\/tbody><\/table><\/figure>\n\n\n\n<figure class=\"wp-block-table\"><table class=\"has-fixed-layout\"><tbody><tr><td colspan=\"2\"><strong>Segunda Generaci\u00f3n&nbsp;<\/strong>&nbsp;<\/td><td><strong>2020-2022<\/strong>&nbsp;<\/td><td><strong><\/strong>&nbsp;<\/td><\/tr><tr><td><strong>No.<\/strong>&nbsp;<\/td><td><strong>Nombre del estudiante&nbsp;<\/strong>&nbsp;<\/td><td><strong>Director<\/strong>&nbsp;<\/td><td><strong>Situaci\u00f3n actual&nbsp;<\/strong>&nbsp;<\/td><\/tr><tr><td>1&nbsp;<\/td><td>Jes\u00fas Mat\u00edas Rodr\u00edguez&nbsp;<\/td><td>Dra. Mar\u00eda Luisa Herrera Arroyo&nbsp;<\/td><td>suspensi\u00f3n&nbsp;<\/td><\/tr><tr><td>2&nbsp;<\/td><td>Ariasny&nbsp;Torres Montiel&nbsp;<\/td><td>Dra. Gabriela Arias Hern\u00e1ndez&nbsp;<\/td><td>Titulada&nbsp;&nbsp;<\/td><\/tr><tr><td>3&nbsp;<\/td><td>Cindy&nbsp;Nereyda&nbsp;Morales M\u00e1ximo&nbsp;<\/td><td>Dr. Luis Bernardo L\u00f3pez Sosa&nbsp;<\/td><td>Titulada&nbsp;&nbsp;<\/td><\/tr><tr><td>4&nbsp;<\/td><td>Monserrat de la Luz Moreno Romero&nbsp;<\/td><td>Dra. Amalia Ram\u00edrez&nbsp;Garayzar&nbsp;<\/td><td>Titulada&nbsp;(2025)&nbsp;<\/td><\/tr><tr><td>5&nbsp;<\/td><td>Diana Villanueva Hurtado&nbsp;<\/td><td>Dra. Eva Ma. Garrido Izaguirre&nbsp;<\/td><td>Titulada&nbsp;(2024)&nbsp;<\/td><\/tr><tr><td>&nbsp;<\/td><td>Bruno Alejandro Guti\u00e9rrez Becerril&nbsp;<\/td><td>Dra. Amalia Ram\u00edrez&nbsp;Garayzar&nbsp;<\/td><td>Baja&nbsp;<\/td><\/tr><tr><td>&nbsp;<\/td><td>&nbsp;<\/td><td>Titulados&nbsp;&nbsp;<\/td><td>4&nbsp;<\/td><\/tr><tr><td>&nbsp;<\/td><td>&nbsp;<\/td><td>No titulados&nbsp;&nbsp;<\/td><td>0&nbsp;<\/td><\/tr><tr><td>&nbsp;<\/td><td>&nbsp;<\/td><td>Suspensiones&nbsp;<\/td><td>1&nbsp;<\/td><\/tr><tr><td>&nbsp;<\/td><td>&nbsp;<\/td><td>Bajas&nbsp;<\/td><td>1&nbsp;<\/td><\/tr><\/tbody><\/table><\/figure>\n\n\n\n<figure class=\"wp-block-table\"><table class=\"has-fixed-layout\"><tbody><tr><td colspan=\"2\"><strong>Tercera Generaci\u00f3n&nbsp;<\/strong>&nbsp;<\/td><td><strong>2021-2023<\/strong>&nbsp;<\/td><td><strong><\/strong>&nbsp;<\/td><\/tr><tr><td><strong>No.<\/strong>&nbsp;<\/td><td><strong>Nombre del estudiante&nbsp;<\/strong>&nbsp;<\/td><td><strong>Director<\/strong>&nbsp;<\/td><td><strong>Situaci\u00f3n actual&nbsp;<\/strong>&nbsp;<\/td><\/tr><tr><td>1&nbsp;<\/td><td>Cinthia Yaneli Bartolo Guzm\u00e1n&nbsp;<\/td><td>Humberto Rend\u00f3n Carmona&nbsp;<\/td><td>Titulada&nbsp;(2024)&nbsp;<\/td><\/tr><tr><td>2&nbsp;<\/td><td>Yolanda Magdalena Garc\u00eda Rodr\u00edguez&nbsp;<\/td><td>Berenice Farf\u00e1n Heredia&nbsp;<\/td><td>Titulada&nbsp;(2025)&nbsp;<\/td><\/tr><tr><td>&nbsp;<\/td><td>Jes\u00fas Mat\u00edas Rodr\u00edguez&nbsp;<\/td><td>Mar\u00eda Luisa Herrera Arroyo&nbsp;<\/td><td>Titulado&nbsp;(2024)&nbsp;<\/td><\/tr><tr><td>&nbsp;<\/td><td>&nbsp;<\/td><td>Titulados&nbsp;&nbsp;<\/td><td>3&nbsp;<\/td><\/tr><tr><td>&nbsp;<\/td><td>&nbsp;<\/td><td>No titulados&nbsp;&nbsp;<\/td><td>0&nbsp;<\/td><\/tr><\/tbody><\/table><\/figure>\n\n\n\n<figure class=\"wp-block-table\"><table class=\"has-fixed-layout\"><tbody><tr><td colspan=\"2\"><strong>Cuarta&nbsp;Generaci\u00f3n&nbsp;<\/strong>&nbsp;<\/td><td><strong>2022-2024<\/strong>&nbsp;<\/td><td><strong><\/strong>&nbsp;<\/td><\/tr><tr><td><strong>No.<\/strong>&nbsp;<\/td><td><strong>Nombre del estudiante&nbsp;<\/strong>&nbsp;<\/td><td><strong>Direcci\u00f3n<\/strong>&nbsp;<\/td><td><strong>Situaci\u00f3n actual&nbsp;<\/strong>&nbsp;<\/td><\/tr><tr><td>1&nbsp;<\/td><td>Zavala Valencia Ma. Guadalupe&nbsp;&nbsp;<\/td><td>Laura Alfonsina Chang Mart\u00ednez&nbsp;<\/td><td>Titulada&nbsp;sep&nbsp;2025&nbsp;<\/td><\/tr><tr><td>2&nbsp;<\/td><td>Alonso Carrillo Maribel&nbsp;&nbsp;<\/td><td>Berenice Farf\u00e1n Heredia&nbsp;<\/td><td>Cr\u00e9ditos Terminados&nbsp;&nbsp;<\/td><\/tr><tr><td>3&nbsp;<\/td><td>Josu\u00e9 Vel\u00e1zquez&nbsp;Vel\u00e1zquez&nbsp;<\/td><td>Sa\u00fal Hern\u00e1ndez Trujillo&nbsp;<\/td><td>Cr\u00e9ditos terminados&nbsp;&nbsp;<\/td><\/tr><tr><td>4&nbsp;<\/td><td>Daniela Garc\u00eda Calvillo&nbsp;&nbsp;<\/td><td>Mar\u00eda Luisa Herrera Arroyo&nbsp;<\/td><td>Suspensi\u00f3n&nbsp;<\/td><\/tr><tr><td>&nbsp;<\/td><td>&nbsp;<\/td><td>Titulados&nbsp;&nbsp;<\/td><td>1&nbsp;<\/td><\/tr><tr><td>&nbsp;<\/td><td>&nbsp;<\/td><td>No titulados&nbsp;&nbsp;<\/td><td>2&nbsp;<\/td><\/tr><tr><td>&nbsp;<\/td><td>&nbsp;<\/td><td>Suspensiones&nbsp;&nbsp;<\/td><td>1&nbsp;<\/td><\/tr><\/tbody><\/table><\/figure>\n\n\n\n<figure class=\"wp-block-table\"><table class=\"has-fixed-layout\"><tbody><tr><td colspan=\"3\"><strong>Quinta generaci\u00f3n&nbsp;(2023-2025)<\/strong>&nbsp;<\/td><td>&nbsp;<\/td><\/tr><tr><td>N\u00b0&nbsp;&nbsp;<\/td><td><strong>Nombre del estudiante&nbsp;<\/strong>&nbsp;<\/td><td><strong>Direcci\u00f3n<\/strong>&nbsp;<\/td><td><strong>Situaci\u00f3n actual&nbsp;<\/strong>&nbsp;<\/td><\/tr><tr><td>1&nbsp;<\/td><td>Contreras Barajas&nbsp;Its\u00ef&nbsp;Ver\u00f3nica&nbsp;<\/td><td>Mar\u00eda Luisa Herrera Arroyo&nbsp;&nbsp;<\/td><td>Cr\u00e9ditos terminados&nbsp;<\/td><\/tr><tr><td>2&nbsp;<\/td><td>Crist\u00f3bal Espinosa Fernando&nbsp;<\/td><td>Bulmaro Gonz\u00e1lez Ambrosio&nbsp;<\/td><td>Cr\u00e9ditos terminados&nbsp;<\/td><\/tr><tr><td>3&nbsp;<\/td><td>Mart\u00ednez T\u00e9llez Andr\u00e9s Valent\u00edn&nbsp;<\/td><td>Berenice Farf\u00e1n Heredia&nbsp;<\/td><td>Cr\u00e9ditos terminados&nbsp;<\/td><\/tr><tr><td>4&nbsp;<\/td><td>Morales Alonso&nbsp;Roxette&nbsp;<\/td><td>Bulmaro Gonz\u00e1lez Ambrosio&nbsp;&nbsp;<\/td><td>Cr\u00e9ditos terminados&nbsp;<\/td><\/tr><tr><td>5&nbsp;<\/td><td>Nicol\u00e1s M\u00e1ximo Noel Adolfo&nbsp;<\/td><td>Eric Mercado Arias&nbsp;&nbsp;<\/td><td>Suspensi\u00f3n&nbsp;<\/td><\/tr><tr><td>6&nbsp;<\/td><td>Olivo G\u00f3mez Santiago&nbsp;&nbsp;<\/td><td>Eric Mercado Arias&nbsp;&nbsp;<\/td><td>Cr\u00e9ditos terminados&nbsp;<\/td><\/tr><tr><td>7&nbsp;<\/td><td>Romero Sep\u00falveda Leonardo&nbsp;&nbsp;<\/td><td>Eric Mercado Arias&nbsp;<\/td><td>Cr\u00e9ditos terminados&nbsp;<\/td><\/tr><tr><td>8&nbsp;<\/td><td>Torres Ascencio Betsy Er\u00e9ndira&nbsp;&nbsp;<\/td><td>Gabriela Arias Hern\u00e1ndez&nbsp;<\/td><td>Cr\u00e9ditos terminados&nbsp;<\/td><\/tr><tr><td>*&nbsp;<\/td><td>Daniela Garc\u00eda Calvillo&nbsp;<\/td><td>Mar\u00eda Luisa Herrera Arroyo&nbsp;<\/td><td>Cr\u00e9ditos terminados&nbsp;<\/td><\/tr><tr><td colspan=\"2\">&nbsp;<\/td><td>Titulados&nbsp;<\/td><td>&nbsp;<\/td><\/tr><tr><td colspan=\"2\">&nbsp;<\/td><td>No titulados&nbsp;<\/td><td>8&nbsp;<\/td><\/tr><tr><td colspan=\"2\">&nbsp;<\/td><td>Suspensiones&nbsp;<\/td><td>1&nbsp;<\/td><\/tr><\/tbody><\/table><\/figure>\n\n\n\n<figure class=\"wp-block-table\"><table class=\"has-fixed-layout\"><tbody><tr><td colspan=\"3\"><strong>Sexta&nbsp;generaci\u00f3n&nbsp;(2024-2026)<\/strong>&nbsp;<\/td><td>&nbsp;<\/td><\/tr><tr><td>N\u00b0&nbsp;&nbsp;<\/td><td><strong>Nombre del estudiante&nbsp;<\/strong>&nbsp;<\/td><td><strong>Direcci\u00f3n<\/strong>&nbsp;<\/td><td><strong>Situaci\u00f3n actual&nbsp;<\/strong>&nbsp;<\/td><\/tr><tr><td>1&nbsp;<\/td><td>Fern\u00e1ndez Tapia Iv\u00e1n&nbsp;<\/td><td>Bulmaro Gonz\u00e1lez Ambrosio&nbsp;&nbsp;<\/td><td>&nbsp;<\/td><\/tr><tr><td>2&nbsp;<\/td><td>Guerrero Caro Martha&nbsp;Atziri&nbsp;&nbsp;<\/td><td>Gabriela Arias Hern\u00e1ndez&nbsp;<\/td><td>&nbsp;<\/td><\/tr><tr><td>3&nbsp;<\/td><td>Guti\u00e9rrez Reyes Perla&nbsp;<\/td><td>Gabriela Arias Hern\u00e1ndez&nbsp;<\/td><td>&nbsp;<\/td><\/tr><tr><td>4&nbsp;<\/td><td>Jacobo Escamilla Greis Guadalupe&nbsp;&nbsp;<\/td><td>Humberto Rend\u00f3n Carmona&nbsp;<\/td><td>&nbsp;<\/td><\/tr><tr><td>5&nbsp;<\/td><td>L\u00f3pez Florentino Itzel&nbsp;<\/td><td>Eric Mercado Arias&nbsp;&nbsp;<\/td><td>&nbsp;<\/td><\/tr><tr><td>6&nbsp;<\/td><td>Rangel Garc\u00eda Alicia&nbsp;&nbsp;<\/td><td>Amalia Ram\u00edrez&nbsp;Garayzar&nbsp;<\/td><td>&nbsp;<\/td><\/tr><tr><td>7&nbsp;<\/td><td>Valdovinos Garc\u00eda&nbsp;Giovana&nbsp;Yadira&nbsp;<\/td><td>Mar\u00eda Luisa Herrera Arroyo&nbsp;&nbsp;<\/td><td>&nbsp;<\/td><\/tr><tr><td>8&nbsp;<\/td><td>Vel\u00e1zquez Fabi\u00e1n Cinthya Iv\u00f3n&nbsp;<\/td><td>Carlos Montalvo Mart\u00ednez&nbsp;<\/td><td>&nbsp;<\/td><\/tr><tr><td>*&nbsp;<\/td><td>Nicol\u00e1s M\u00e1ximo Noel Adolfo&nbsp;<\/td><td>Eric Mercado Arias&nbsp;<\/td><td>Baja&nbsp;<\/td><\/tr><tr><td colspan=\"2\">&nbsp;<\/td><td>Titulados&nbsp;<\/td><td>0&nbsp;<\/td><\/tr><tr><td colspan=\"2\">&nbsp;<\/td><td>No titulados&nbsp;<\/td><td>0&nbsp;<\/td><\/tr><tr><td colspan=\"2\">&nbsp;<\/td><td>Suspensiones&nbsp;<\/td><td>0&nbsp;<\/td><\/tr><tr><td colspan=\"2\">&nbsp;<\/td><td>Bajas&nbsp;<\/td><td>1&nbsp;<\/td><\/tr><\/tbody><\/table><\/figure>\n\n\n\n<p>Resumen: estatus de estudiantes de la MSDR,&nbsp;febrero&nbsp;2026&nbsp;<\/p>\n\n\n\n<figure class=\"wp-block-table\"><table class=\"has-fixed-layout\"><tbody><tr><td>6 generaciones&nbsp;&nbsp;(2019-2025)&nbsp;<\/td><td>Total&nbsp;<\/td><td>No becados&nbsp;<\/td><td>Becados&nbsp;<\/td><\/tr><tr><td>Matriculados&nbsp;<\/td><td>37&nbsp;<\/td><td>16&nbsp;<\/td><td>21&nbsp;<\/td><\/tr><tr><td>Titulados&nbsp;<\/td><td>13&nbsp;<\/td><td>10&nbsp;<\/td><td>3&nbsp;<\/td><\/tr><tr><td>En curso&nbsp;<\/td><td>8&nbsp;<\/td><td>0&nbsp;<\/td><td>8&nbsp;<\/td><\/tr><tr><td>Bajas&nbsp;&nbsp;<\/td><td>5&nbsp;<\/td><td>4&nbsp;<\/td><td>1&nbsp;<\/td><\/tr><tr><td>Con&nbsp;cr\u00e9d. terminados&nbsp;<\/td><td>7&nbsp;<\/td><td>0&nbsp;<\/td><td>7&nbsp;<\/td><\/tr><tr><td>Rezagados&nbsp;<\/td><td>4&nbsp;<\/td><td>2&nbsp;<\/td><td>2&nbsp;<\/td><\/tr><\/tbody><\/table><\/figure>\n\n\n\n<p><br><\/p>\n\n\n\n<p><\/p>\n","protected":false},"excerpt":{"rendered":"<p>Este posgrado abri\u00f3 sus puertas con la primera convocatoria en el a\u00f1o 2019, contando a la fecha seis generaciones, con grupos que han variado en n\u00famero de estudiantes.&nbsp;&nbsp; El origen de nuestra matr\u00edcula es variado y est\u00e1 abierto a todos los interesados; sin embargo, a la fecha se concentra mayoritariamente en la zona de influencia &hellip; <\/p>\n<p class=\"link-more\"><a href=\"https:\/\/uiim.edu.mx\/msdr\/?page_id=39\" class=\"more-link\">Continuar leyendo<span class=\"screen-reader-text\"> \u00abGeneraciones\u00bb<\/span><\/a><\/p>\n","protected":false},"author":1,"featured_media":0,"parent":0,"menu_order":0,"comment_status":"closed","ping_status":"closed","template":"","meta":{"footnotes":""},"class_list":["post-39","page","type-page","status-publish","hentry"],"_links":{"self":[{"href":"https:\/\/uiim.edu.mx\/msdr\/index.php?rest_route=\/wp\/v2\/pages\/39","targetHints":{"allow":["GET"]}}],"collection":[{"href":"https:\/\/uiim.edu.mx\/msdr\/index.php?rest_route=\/wp\/v2\/pages"}],"about":[{"href":"https:\/\/uiim.edu.mx\/msdr\/index.php?rest_route=\/wp\/v2\/types\/page"}],"author":[{"embeddable":true,"href":"https:\/\/uiim.edu.mx\/msdr\/index.php?rest_route=\/wp\/v2\/users\/1"}],"replies":[{"embeddable":true,"href":"https:\/\/uiim.edu.mx\/msdr\/index.php?rest_route=%2Fwp%2Fv2%2Fcomments&post=39"}],"version-history":[{"count":2,"href":"https:\/\/uiim.edu.mx\/msdr\/index.php?rest_route=\/wp\/v2\/pages\/39\/revisions"}],"predecessor-version":[{"id":190,"href":"https:\/\/uiim.edu.mx\/msdr\/index.php?rest_route=\/wp\/v2\/pages\/39\/revisions\/190"}],"wp:attachment":[{"href":"https:\/\/uiim.edu.mx\/msdr\/index.php?rest_route=%2Fwp%2Fv2%2Fmedia&parent=39"}],"curies":[{"name":"wp","href":"https:\/\/api.w.org\/{rel}","templated":true}]}}